f a and 45?
9
Let b(s) = -2*s**2 + 12*s + 16. Let v be b(7). What is the highest common divisor of 13 and v?
1
Let y be ((-1512)/96)/(0 + 3/(-8)). What is the greatest common divisor of 77 and y?
7
Let u(m) = m**3 - 18*m**2 + 2*m - 24. Let w be u(18). Suppose -w = 7*c - 11*c. Suppose -1 + c = i. What is the highest common factor of i and 10?
2
Let s be (44/(-5))/((-228)/(-30) + -8). Let h = 48 + s. Calculate the greatest common divisor of h and 20.
10
Let y = 0 - 1. Let u be 3 + y + -2 + -4. Let a = 14 - u. What is the highest common divisor of a and 12?
6
Suppose -35*q = -16*q - 608. What is the highest common factor of q and 184?
8
Suppose -5*k + 4*k = -10. Suppose 0 = 2*t - 2 + k. Let x be (31 - 2) + (t - -3). What is the highest common factor of x and 28?
28
Suppose 3*i + 4*d - 516 = 0, -19*d = -4*i - 20*d + 714. Let q = 0 + 12. What is the greatest common divisor of q and i?
12
Let s be 36/15 - (-3)/5. Let p(j) = 19*j**3 + j + 2. Let u be p(-1). Let d(w) = -w - 16. Let h be d(u). Calculate the highest common factor of h and s.
1
Let o = -4 + 1. Let d be 2/33*o + (-13)/(-11). What is the highest common divisor of 7 and d?
1
Let v be (-105)/(-4)*(128/(-6))/(-8). Suppose 3*k - v = -4*k. Calculate the highest common factor of k and 160.
10
Let d be 7 + (-51)/57 + 4/(-38). Let t(o) = -o**3 - 6*o**2 + 4*o - 9. Let h be t(-7). What is the highest common factor of h and d?
6
Let x(p) = p**2 + 28*p + 29. Let f be x(-27). What is the highest common divisor of f and 46?
2
Let s = -35 + 27. Let b = s - -32. Suppose 3*q - 41 = -0*q + d, 4*q - 33 = -3*d. What is the highest common divisor of b and q?
12
Let t = 26 + -14. What is the greatest common divisor of 44 and t?
4
Suppose 0 = 11*o - 118 + 52. Calculate the highest common factor of o and 42.
6
Let f(r) be the second derivative of 13*r**4/12 + 2*r**3/3 - r**2/2 - r. Let d be f(-3). Let b = -437 + 450. What is the highest common factor of d and b?
13
Suppose 5*v = 6*v + 4*z - 1002, v - 993 = -z. Calculate the greatest common divisor of 11 and v.
11
Suppose 0 = d + 4*h - 18, h = -2*h - 3. Calculate the greatest common divisor of d and 77.
11
Let v be ((-11)/33)/(2/(-48)). Suppose -v*h + 28 = -4*h. Let s be (h/(-2))/((-7)/14). Calculate the greatest common factor of 28 and s.
7
Let y(h) be the first derivative of -2*h**2 - 8*h + 7. Let i be y(-7). Calculate the highest common divisor of i and 160.
20
Suppose -7*c - 3*c = -630. Suppose -l - 6 = 3*y - 1, 4*l + 4*y = 12. What is the highest common divisor of l and c?
7
Let g be 38/8 - 3/(-12). Suppose -2*u - 39 = -g*u. Let c(a) = -a**3 + 14*a**2 - 3*a + 10. Let b be c(u). Calculate the highest common factor of 20 and b.
20
Let h = -39 - -39. Suppose h = t - 16 - 10. What is the highest common factor of 78 and t?
26
Suppose -2 = x, -5*v - 92 = -7*v + x. Calculate the highest common divisor of 5 and v.
5
Suppose 0 = 4*o + 3*m - 27, -5*o - 3*m - 27 = -10*o. Suppose o*a = -3*a + 1134. Calculate the greatest common factor of 14 and a.
14
Let c = 1740 - 813. What is the greatest common factor of c and 9?
9
Suppose 2*k = s + 2*s + 192, 4*k - 3*s = 390. Let r = 243 - 238. Suppose -21 - k = -r*j. Calculate the highest common factor of 6 and j.
6
Suppose -5*a = -989 + 264. Let i = a + -81. Let m = i + 0. Calculate the greatest common factor of 32 and m.
32
Let y(j) = 6*j**2 - 76*j + 6. Let s be y(13). What is the highest common factor of s and 608?
32
Let i be -5 + 7/(42/1182). Calculate the highest common factor of i and 36.
12
Let k be (-10)/(-2) + 1 - 3. Suppose -n + 8 + 24 = 3*m, 3*n + 12 = k*m. Let o be (-80)/(-3) + 3/m. Calculate the highest common divisor of 27 and o.
27
Let x = 262 - 241. Let z = 18 + -4. Let j = x - z. What is the highest common factor of 7 and j?
7
Let k = 990 - 270. Calculate the highest common factor of 54 and k.
18
Let r be (9/((-36)/(-40)))/1. Suppose -6*b + 1548 + 642 = 0. Suppose 5*k - 85 - b = 0. What is the highest common divisor of k and r?
10
Let r be -44*((-39)/(-12) - 1). Let j = r + 192. Calculate the highest common divisor of j and 31.
31
Let z = 71 + -50. Let j = -668 - -696. Calculate the greatest common divisor of z and j.
7
Let z(q) be the third derivative of -q**5/60 + q**4/3 + q**3/6 - 5*q**2. Let p be z(7). Let a = 111 + -23. What is the highest common divisor of a and p?
8
Let z(u) = -u**2 - 19*u + 2. Let i be z(-18). Let p = -1 - -4. Suppose 2*t = 10, p*y + t = -0*t + i. What is the highest common divisor of 5 and y?
5
Let q(w) = -3*w + 21. Let h be q(6). Suppose -h*f - 15 = -4*n, 4*f = -5*n + 3*n + 24. What is the greatest common factor of n and 6?
6
Let u = -466 - -671. What is the greatest common divisor of 41 and u?
41
Let r = -1 - -6. Suppose q + r*q = 336. Suppose j + 3*j - 5*s = 57, 17 = -j - 5*s. Calculate the highest common divisor of q and j.
8
Let f(u) = 33*u**2 - u. Let v be f(-1). Let k be ((-6)/(-21))/(4/(-112)) + 280. Calculate the greatest common divisor of v and k.
34
Let i(q) = q - 3. Let c be i(3). Suppose -2*j = 4*r - 22, c = 5*r + 6*j - 3*j - 29. Suppose -12 = -3*s + s. What is the greatest common factor of s and r?
2
Suppose -3*q + 220 = 55. What is the greatest common divisor of q and 99?
11
Let a = -405 - -449. What is the highest common factor of a and 11?
11
Let h be -2*15/(-10) + -6 - -102. Calculate the greatest common factor of 264 and h.
33
Suppose -14*s - 145 + 173 = 0. What is the greatest common divisor of s and 127?
1
Let y(z) = 56*z - 434. Let h be y(8). Calculate the highest common divisor of h and 3934.
14
Suppose 56 = 2*s - j, 3*j + 2*j - 56 = -2*s. Suppose -337 = -5*y - 4*x + 5, 2*x = -3*y + 206. What is the greatest common factor of s and y?
14
Let b = -602 - -624. Calculate the greatest common divisor of 44 and b.
22
Let w(k) = 3*k**2 - 11*k - 16. Let g(n) = 8*n**2 - 33*n - 47. Let u(j) = -4*g(j) + 11*w(j). Let p be u(-10). What is the highest common divisor of p and 2?
2
Suppose -j = 3*k - 136, -2*j + 96 = 16*k - 14*k. What is the highest common divisor of k and 154?
22
Suppose p - 2*c - 38 = 3*c, -46 = -2*p - 5*c. What is the greatest common factor of 196 and p?
28
Suppose -185 = -0*h - h + 5*c, -3*h + 544 = -4*c. Let x(k) = 11*k + 72. Let d be x(0). What is the highest common factor of d and h?
36
Suppose -2*o - 2831 + 581 = -4*r, -4*o = -12. Calculate the greatest common divisor of 987 and r.
141
Let u be 8/6 + (-8)/6. Suppose u = 5*k - 17 - 48. What is the highest common factor of k and 117?
13
Suppose -4*y = -y + 39. Let n(r) = 2*r + 31. Let d be n(y). Calculate the highest common factor of d and 10.
5
Let u(d) = 3*d**2 + 23*d - 53. Let w be u(-17). What is the highest common divisor of 47 and w?
47
Suppose 0 = 3*h - 113 + 14. Suppose 5*b - 13 = -h. Let n be b - (4 + -10 - 1). What is the highest common factor of n and 3?
3
Let w = 7 - 11. Let v be ((-14)/8)/(w/16). Let l(o) = -3*o - 14. Let a be l(-5). Calculate the greatest common divisor of a and v.
1
Suppose -k - 5 + 28 = 0. Calculate the highest common divisor of 621 and k.
23
Let s(l) = 7*l**3 - l**2 + l - 1. Let z be s(1). Let p be 3/2*16/z. Let n be ((-13090)/30)/(-11) - 3/(-9). What is the greatest common factor of n and p?
4
Suppose 0 = -5*r - 4 + 14. Let k = 2 + -2. Suppose -5*d + 16 + 14 = k. What is the highest common factor of d and r?
2
Suppose 3*j = -4*s + 592, 112 + 893 = 5*j + 3*s. What is the highest common divisor of 289 and j?
17
Let b = 50 + -52. Let y = -28 - 4. Let n = b - y. Calculate the greatest common divisor of n and 45.
15
Let y = -222 + 239. What is the greatest common factor of 17 and y?
17
Suppose 3*d - 3*m = -56 + 413, -2*d - 2*m + 246 = 0. What is the highest common factor of d and 77?
11
Suppose u = 4*u - 15. Suppose -60 = -5*f - u*d, 5*f + d - 54 = -d. What is the greatest common factor of f and 15?
5
Suppose -11*g = -137 - 61. What is the highest common divisor of g and 6?
6
Let a(s) = -10*s + 5. Let o be a(2). Let w = 15 + o. Suppose -5*j - 2*i = -378, -j + w*j = -2*i - 78. What is the greatest common divisor of 19 and j?
19
Let w(j) = 25*j - 115. Let m be w(7). What is the greatest common divisor of 120 and m?
60
Let i(n) = 2*n + 11. Let m be i(7). Suppose -4*x + 75 = -3*x. Calculate the highest common divisor of x and m.
25
Let d(n) = n + 11. Suppose -o + 2*o = -3*l + 17, 